 and d?
3
Let h(v) = v + 5. Let i be h(-6). Let z = i + 19. Let u = -13 + z. What is the greatest common divisor of 15 and u?
5
Let m be (30/5)/(-18) - 991/(-3). Calculate the greatest common factor of 33 and m.
33
Let g(y) = -4 + 2 - 5*y - y**3 - y**3 + 0*y**2 - 3*y**2. Let d be g(-3). What is the greatest common factor of d and 10?
10
Let d(f) be the first derivative of -f**4/2 + f**3/3 + 3*f**2/2 - f + 1. Let t be d(2). Let n = 11 + t. Calculate the highest common factor of 44 and n.
4
Suppose -n - 7 = 2*f, -2*f - 2*n - 7 - 3 = 0. Let i be (-19)/(-2) - f/(-4). Let d be (-4)/(16/(-6))*66. Calculate the greatest common divisor of d and i.
9
Suppose -23 = -3*o + 4*p, 3 = 2*o + 4*p + 1. Calculate the greatest common factor of o and 35.
5
Let z(k) = -2*k + 3. Let v(w) = w - 2. Let q be v(-6). Let f be z(q). Suppose -u + f - 5 = 0. What is the highest common divisor of 56 and u?
14
Let x(c) = 4 - 3 - 7*c + 0*c**2 + 2*c**2. Let p be x(5). Calculate the greatest common factor of 4 and p.
4
Let l be 2 - (2 - (-2 + 2)). Suppose a - 19 = -4*m, 5*a + l - 47 = -4*m. What is the greatest common factor of 63 and a?
7
Let n = -79 + 142. Calculate the greatest common factor of 9 and n.
9
Let v = 34 + -19. Let n be v - 1 - (3 - 2). Calculate the greatest common divisor of n and 117.
13
Let s(h) be the second derivative of 199*h**4/6 - h**3/3 - h**2/2 - 2*h. Let d be s(-1). Let g be d/27 - (-2)/9. What is the highest common factor of 75 and g?
15
Let y be -15*(-15)/9*1. Calculate the highest common divisor of 75 and y.
25
Let t be ((-16)/6)/((-1)/9). Let z be (-7 + (-55)/(-7))/(1/7). Calculate the greatest common factor of t and z.
6
Suppose -2*d - 3*i = -12 + 2, -2*d + 3*i - 14 = 0. Let b be (d + 3 + -19)*-1. Calculate the greatest common factor of 34 and b.
17
Suppose -4*g + 280 = g. Calculate the highest common factor of 7 and g.
7
Let n = -51 - -362. Suppose -25 + n = 2*p. What is the greatest common factor of p and 13?
13
Suppose 2 = -i + 82. Calculate the highest common divisor of 16 and i.
16
Let z be (-14)/18 - 26/117 - -23. Calculate the greatest common divisor of 22 and z.
22
Suppose -4*i = -14 - 2. Calculate the highest common factor of i and 8.
4
Suppose -5*h + 40 = -80. What is the highest common divisor of 24 and h?
24
Let v(r) = 5*r - 5. Let d be v(17). What is the highest common factor of 20 and d?
20
Let z = 0 + 2. Let t(l) = 10*l**3 + 2*l**2 + 2*l - 1. Let g be t(z). Let k be 0/(-2 - -4) + 13. What is the greatest common factor of k and g?
13
Suppose -4*v + 0*v + 3*l = -121, 0 = -5*v + 5*l + 155. Let g = v + -20. What is the highest common divisor of 8 and g?
8
Let c(n) = n + 14. Let y be c(-5). What is the greatest common divisor of 27 and y?
9
Let s = 201 - 113. Suppose 0 = 3*m - s - 14. What is the highest common divisor of 51 and m?
17
Let m be ((-18)/(-27))/(2/9). Let h be (-3)/m*0 - -72. Calculate the highest common divisor of h and 24.
24
Suppose 2*s - 4*r = 42, -3*s + r = -4*r - 62. What is the highest common factor of s and 19?
19
Let d = 54 + -24. Suppose s - 3 = -0*s. Let r be 1/s + 140/12. Calculate the greatest common divisor of r and d.
6
Let m be ((-2)/5)/(11/(-55)). Let k(i) = 3*i**2 + i + i - 3 + 4. Let w be k(-1). What is the highest common divisor of w and m?
2
Let c be ((-2)/4)/(1/(-24)). Let z be ((-2)/(-2) + -3)*1. Let i = z + c. Calculate the highest common factor of 50 and i.
10
Let t = -22 - -40. Let h be (-2 + 29)*(0 - -1). Calculate the highest common factor of h and t.
9
Suppose -14*f = -11*f - 60. What is the greatest common factor of 180 and f?
20
Let t = 3 + 30. Suppose -2*d + 3 = -3. Suppose 8 = 3*p + 4*c + d, -2*c - 2 = 0. What is the highest common factor of p and t?
3
Let p = -73 + 161. Suppose -7*o + 2*o = -55. What is the highest common factor of p and o?
11
Suppose -4*d = -0*d - 44. What is the highest common factor of d and 55?
11
Let s = 2 + -4. Let n be (-4)/(-8) - 13/s. What is the highest common divisor of 7 and n?
7
Suppose -14*w + 154 = -12*w. Calculate the highest common factor of 7 and w.
7
Let g = 19 - -12. Let w = g - 14. Suppose 2*r = w - 1. What is the highest common divisor of r and 24?
8
Suppose 4*b = 55 + 21. Suppose -15 = -3*s, -4*s = 3*t + s - b. Let o be 26 + t*(-3 - -2). Calculate the highest common divisor of 7 and o.
7
Let z be 2232/45 + (-3)/5. What is the greatest common factor of 7 and z?
7
Let t = 29 + -5. Suppose 2*q + o - 363 = 0, 4*q - q + 3*o = 549. Let v be (4/(-10))/((-2)/q). Calculate the greatest common divisor of v and t.
12
Let o(c) = 57*c**2 + 2*c. Let s be o(-2). Let r = 43 - 15. Calculate the highest common factor of r and s.
28
Let x = -15 + 31. Calculate the highest common divisor of x and 176.
16
Let k be (-3 + 0 - -3) + 8. What is the greatest common factor of k and 64?
8
Let f(n) = n**3 - 5*n**2 + n + 3. Let j be f(5). Calculate the greatest common divisor of 88 and j.
8
Let v be 30*(45/10 - 1). Calculate the highest common divisor of 15 and v.
15
Let b(n) = 20*n**2 + 2*n. Let f be b(3). Suppose -f = -5*d + 2*a, 3*d + 36 = -4*a + 132. Calculate the highest common factor of d and 4.
4
Let g(a) = 4*a**2 - 2*a - 2. Let y be g(4). Let o = -30 - -14. Let d be (45/(-20))/(6/o). What is the highest common divisor of d and y?
6
Suppose 5*g = 2*j - 29, j - 2*g = g + 12. What is the greatest common factor of j and 54?
27
Let y = -38 + 55. What is the greatest common divisor of 136 and y?
17
Suppose -28*j + 210 = -23*j. What is the greatest common factor of 6 and j?
6
Suppose 0 = -3*p - 2*p + 20, 0 = 5*z - p + 44. Let l = -6 - z. What is the greatest common factor of l and 2?
2
Let v = -1 - -4. Suppose -v = -4*w + 5. Suppose -23 = -2*m + 5. What is the greatest common factor of w and m?
2
Let x(l) = l**2 + 5. Let m be x(5). Suppose -3*w + 8*w - m = 0. What is the greatest common divisor of 42 and w?
6
Let q(r) be the third derivative of r**5/15 - r**4/8 - 4*r**3/3 - 3*r**2. Let s be q(-7). What is the greatest common divisor of s and 19?
19
Suppose 0 = y + 1 - 0. Let r(h) = -131*h**3 + h**2 + h + 1. Let o be r(y). What is the greatest common divisor of 12 and o?
12
Let q = 114 + 8. Suppose -t - q = -309. What is the highest common factor of 17 and t?
17
Suppose 9*l - 14*l = -180. What is the greatest common divisor of l and 4?
4
Suppose -o + 3*r = 4*o - 26, 0 = 2*o - 5*r + 1. Let n(m) = 7*m - 4. Let d be n(o). Suppose -4*w + 36 = -0*w. What is the highest common factor of w and d?
9
Let g be -2*(2/1)/(-2). Let j be 4*(g - (-11)/2). Let p(z) = -z**2 + 7*z - 6. Let v be p(4). Calculate the highest common divisor of v and j.
6
Suppose -5*x + 10 = -3*x. Suppose -j + 1 = -3*i, -2*i - 1 = -x*j + 4*j. Let c be 3/(j - (2 + -2)). What is the greatest common divisor of 15 and c?
3
Let p be (2/4)/(2/748). Suppose -91 = -11*o + 96. Calculate the greatest common factor of p and o.
17
Let u = -12 + 7. Let k = u + 126. What is the greatest common divisor of 11 and k?
11
Suppose -3*w + 0 + 12 = 0. Suppose w*s = v + 108, -s - v + 12 = -20. Calculate the greatest common factor of 252 and s.
28
Let o = 70 + 40. Let t(z) = -2*z - 1. Let r be (-1)/2 + 33/(-6). Let j be t(r). Calculate the highest common factor of o and j.
11
Suppose -2*k + 35 = 3. Suppose k = 5*c + l - 9, 0 = c - l - 11. Calculate the highest common factor of c and 2.
2
Let g(x) = -x**3 + 5*x**2 + x - 5. Let f be 1 + 0 - 0 - -4. Let w be g(f). Let m be w/5 - 13*-2. Calculate the greatest common divisor of m and 65.
13
Let y be (-4)/(-26) + 323/13. Let o be (38 - -1)/3 - 3. Calculate the highest common factor of o and y.
5
Let k be 4/6 - 68/(-6). Suppose -4*j + 8 = -k. Suppose -2*d - d + 4*b + 50 = 0, -5*b + 25 = j*d. What is the highest common factor of 25 and d?
5
Suppose 2*v - 51 = 9. Suppose -6*p = -2*p - 120. Suppose 0*q + 4*q = 2*s - 32, 3*q - p = -3*s. What is the highest common factor of s and v?
6
Suppose -4*c + 0*y + 99 = -y, -2*c = 3*y - 39. Suppose -c*a = -20*a - 32. Calculate the greatest common divisor of a and 8.
8
Suppose 20 = 2*u - 8. What is the greatest common divisor of u and 42?
14
Let n be (2 - 2 - (-45)/20)*4. Calculate the greatest common divisor of 9 and n.
9
Suppose 5*t = -2*m + 22 + 8, 21 = 2*t - m. Let k be (-1)/(-2) - 36/(-8). Suppose k*n = 20 + 20. What is the greatest common factor of n and 